4
Let a(g) = -g**3 + 8*g**2 + 9*g + 30. Calculate the remainder when a(-4) is divided by 1/1 - -29 - 3.
24
Suppose -242 = -5*r - 5*h + 1068, -3*r + 786 = -4*h. Calculate the remainder when r is divided by ((6 + 672/(-108))*171)/(-1).
34
Let u be ((-37 + -2)*-1)/(6/2). Suppose -28*h + 90 = -u*h. Calculate the remainder when h is divided by (-27)/(-6) + (-1)/(-2).
1
Calculate the remainder when 4760875/5125 + (-2)/(-41) is divided by 42.
5
Let w = 286 - 143. Suppose 39*c + 250 = 49*c. Calculate the remainder when w is divided by c.
18
Suppose 12 = 3*x, 0 = 5*p + 4*x - 115 - 221. Suppose g - 38*c + 43*c - 279 = 0, 3*g - 737 = 5*c. What is the remainder when g is divided by p?
62
Let z(r) = -9*r - 8. Calculate the remainder when (144/6)/((-16)/(-152)) is divided by z(-6).
44
Let i(f) = f**3 + 8*f**2 - 5*f - 7. Calculate the remainder when i(-7) is divided by 95/19 + -12 - -23.
13
Let c = -5760 - -6550. What is the remainder when c is divided by 24?
22
Suppose 32 = -120*g + 315 + 317. What is the remainder when 5043 is divided by g?
3
Let g(o) = -17*o - 89. Let a be g(-30). Let u = 564 - a. Calculate the remainder when u is divided by 4.
3
Suppose -32*q + 49*q - 45595 = -38*q. Calculate the remainder when q is divided by 49.
45
Suppose 4*k - 4 = 2*k. Suppose 0*m + k*m - 123 = -5*w, 5*w = m - 39. What is the remainder when m is divided by (7/21*(0 + 66))/2?
10
Suppose 0 = 14427*r - 14461*r + 95778. Calculate the remainder when r is divided by 939.
0
Suppose 0 = -x - 0*x + 140. Let o = 166 - x. Calculate the remainder when o is divided by 2.
0
Suppose -45*i + 70526 = 3*b - 47*i + 18974, 0 = 3*i. Calculate the remainder when b is divided by 17.
14
Suppose m - 332 = -3*o, -5*m = 239*o - 235*o - 439. What is the remainder when 452 is divided by o?
8
Let d(j) = -j**3 - 9*j**2 - 19*j + 1. Let i be d(-6). Calculate the remainder when 6 is divided by (4 - 2)/(i/14).
2
Suppose 3952 = 114*z - 11324. What is the remainder when 930 is divided by z?
126
Let b(g) = -g**2 + 9*g. Let s(q) = 3*q. Let m be s(1). Suppose m*t - 4*t + 7 = 0. Calculate the remainder when 68 is divided by b(t).
12
Let j(p) = 2*p**3 - 21*p**2 - 12*p + 13. Suppose 0 = a + 8 - 19. Let h be j(a). Calculate the remainder when (12/(-14))/(h*(-1)/238) is divided by 21.
18
Suppose 4*u = 49 + 55. Calculate the remainder when 79*((-108)/(-90) - 6/30) is divided by u.
1
Suppose -300 = -15*g + 10*g. Suppose 0 = -8*z - 2*z - g. Let r(m) = 2*m**2 + 9*m + 5. What is the remainder when 90 is divided by r(z)?
21
What is the remainder when 1479 is divided by 3810/(-135) + 28 + 1426/18?
57
Suppose 320 = u + u. Suppose -5*w + 0 + u = 0. Let x = 59 - w. Calculate the remainder when x is divided by 7.
6
Let n be -7*(0 - (-1 - 1)). Let q(m) = 6*m**2 - 5*m - 106. Calculate the remainder when q(-7) is divided by (n - 0)*32/(-8).
55
Suppose -143*a + 4188 = -409*a + 19882. What is the remainder when 120 is divided by a?
2
Let w(b) = 17*b - 1692. What is the remainder when 1282 is divided by w(115)?
230
Let x(r) = 54*r**2 - 44*r - 43. Calculate the remainder when x(-1) is divided by 20.
15
Let t(d) = 113*d - 10720. What is the remainder when 294 is divided by t(95)?
9
Suppose 41*r + 24362 = 45*r + 2*f, 7*f = 4*r - 24317. What is the remainder when r is divided by 305?
293
Let v be -6*((-4)/(-1) + (-27)/6). Suppose -4*h = -12, -5*f + 2*h - h + 672 = 0. What is the remainder when f is divided by -51*v*(-4)/18?
33
Suppose 46 = 2*p - 150. What is the remainder when p is divided by (6/(-3))/((-7 - -4)/30)?
18
What is the remainder when (7 + -1)*(-2)/(-22)*517 is divided by 29?
21
Suppose -6*r = -900 + 726. Suppose 3*f = -4*k + 53, -k - 2*k + 4 = -f. What is the remainder when r is divided by f?
7
Let r(j) = 41*j**2 - 33*j + 2. What is the remainder when r(3) is divided by 55?
52
Let a(w) = -8*w**2 - 8*w + 3. Let k be a(2). Let h be ((-1)/(-2))/((-9)/k)*2. Calculate the remainder when 84 is divided by h/5 + 21/1.
18
Suppose f + 281 = 3*w + 307, -2*w + 90 = 4*f. Calculate the remainder when 90 is divided by f.
21
Let l(s) = 3*s**3 - 9 + 8*s - 2*s**3 + 0*s + 5*s**2 - 2*s**3. Let g be l(6). Suppose -g*f - 13 + 31 = 0. Calculate the remainder when 35 is divided by f.
5
Let c(u) = 3*u**2 - 31*u - 31. Let k = -64 - -77. What is the remainder when c(k) is divided by 41?
32
Suppose -924 = 79*g - 75*g. Let o = g + 247. Let u(n) = 19*n. Calculate the remainder when u(4) is divided by o.
12
Let j(k) = k**2 + 63*k + 14. Let m(s) = -s**2 - 57*s - 14. Let u(x) = 4*j(x) + 5*m(x). Calculate the remainder when 508 is divided by u(-29).
100
Let x(u) = -u**3 + 7*u**2 + 11*u - 7. Let z = 2737 - 2531. What is the remainder when z is divided by x(7)?
66
Let u(d) = -20*d - 14. Let q be u(-6). Suppose 0 = -4*l + 8*l - 5*f - q, l = -3*f + 18. What is the remainder when (-6)/(-3) + ((-30)/6 - -96) is divided by l?
21
Let p(g) = 2*g**2 + 12*g + 22. Let k be p(-7). Let t = k - 6. What is the remainder when 748 is divided by t?
28
Suppose -15*h + 12919 = -176. Calculate the remainder when h is divided by 23.
22
Let d = -390 - -395. Suppose 0 = j - d*b - 20, 0 = 5*j - 3*j - 4*b - 52. Calculate the remainder when 959 is divided by j.
29
Suppose -5*s + 71 = 3*r - 34, -5*s - 175 = -4*r. What is the remainder when -4 + 2 - 2 - (1 + -72) is divided by r?
27
Let b(w) = 29*w - 324. What is the remainder when b(26) is divided by 38?
12
Let q = -231 + 235. What is the remainder when 69 is divided by -2 - 2*q/8 - -18?
9
What is the remainder when (105 - 102)*1*30 is divided by 34?
22
Let a = -977132 + 977179. Suppose -2*r + 24 = -4. Calculate the remainder when a is divided by (r/6)/(2/6).
5
Suppose -2744 = -2*r + 2*s, -4*s - 2762 = -r - r. What is the remainder when r is divided by 271?
8
Let q(z) = -2*z**2 - 3*z + 1. Let m(j) = 1. Let c(a) = -3*m(a) - q(a). Let t be c(-3). Let f(k) = -k + 14. Calculate the remainder when 33 is divided by f(t).
6
Let q(x) = 6*x + 5. Let u be q(0). Suppose u*d - 2*d - 30 = 0. Suppose 4*m = -m + 85. Calculate the remainder when m is divided by d.
7
Suppose 5*r - 29 + 9 = 0. Suppose k - 9 - r = 0. Suppose -32 = 199*y - 207*y. What is the remainder when k is divided by y?
1
What is the remainder when 16659 is divided by (-4)/(-7)*455/130*5?
9
Suppose -t + 2*a - 39 = -78, -3*t = -4*a - 113. Calculate the remainder when 1534 is divided by t.
29
Suppose -27*a - 86 = -329. Suppose 0 = a*h - 93 - 6. What is the remainder when 360 is divided by h?
8
Suppose 8*d - 15*y + 12*y - 78 = 0, 5*d - 43 = -y. Calculate the remainder when 19970 is divided by d.
8
Let r = 19739 + -19432. What is the remainder when 512 is divided by r?
205
Calculate the remainder when 664 is divided by (-95484)/(-109)*(5/12 + (-3)/(-9)).
7
Let y = -29 - -34. Let t be y - 1 - (1 + 3). Suppose 9*c - 8*c - 8 = t. What is the remainder when 28 is divided by c?
4
Suppose 0 = 183*s - 180*s - 21. Suppose -d + 768 = s*d. What is the remainder when d is divided by 25?
21
Suppose 49*l = 21474 + 15472. Calculate the remainder when l is divided by 21.
19
Let d = -778 - -995. What is the remainder when d is divided by 137?
80
Suppose -5*a - 733 = 4*t - 2222, 2*a + 4*t = 598. Let h = 301 - a. What is the remainder when 166 is divided by h?
2
Suppose -2*f + 3*f - z - 140 = 0, -2*f - 3*z + 285 = 0. Calculate the remainder when f is divided by (624 + -622)/((-1)/(-19)).
27
Let g(l) = l**2 + 25*l + 12. Let m be g(-20). Let o = -69 - m. What is the remainder when 37 is divided by o?
18
Suppose 3*z + 327*p - 324*p - 348 = 0, -2*p + 123 = z. What is the remainder when z is divided by 284/10 - 4/10?
25
Suppose -3*z = -4*a - 4*z + 11, -2*a - 8 = -4*z. Suppose 0*s + 2*s = 3*r - a, -2*r = -3*s - 3. Calculate the remainder when 150 is divided by (1/s)/(5/(-255)).
48
Suppose -90 = -5*z - 5*k, 6*z - 11*z - k = -94. Suppose -12*s = -z*s + 1169. Calculate the remainder when s is divided by 24.
23
Suppose -90 = 17*y - 371 - 365. Calculate the remainder when 146 is divided by y.
32
Let u(i) = i**3 + 25*i**2 - 7*i - 67. What is the remainder when 1723 is divided by u(-25)?
103
Let z = 76 + -83. Let p(w) = -w**3 - 4*w**2 + 13*w - 6. Let f = -17 - -30. What is the remainder when p(z) is divided by f?
11
Let m be 64/(10 - (-4 - -12)). Suppose -23*i - 2547 = -m*i. Calculate the remainder when i is